= -3*t, -8 - 1 = -2*t - a*r. Calculate the remainder when 57 is divided by t.
9
Let o = -28 - -43. Let b = 83 + 80. Let y = b + -45. What is the remainder when y is divided by o?
13
Let h(u) = -u**3 + 3*u**2 - 33*u - 403. Calculate the remainder when h(-10) is divided by 19.
11
Let o = 2243 + -2116. Calculate the remainder when 284 is divided by o.
30
Let m be (-1491)/(-210) - (-2)/(-20). Calculate the remainder when 17*m + -2 - (31 + -26) is divided by 9.
4
Suppose -77*q = -28*q - 5194. What is the remainder when q is divided by 90?
16
Suppose z - 36*n + 41*n = 15, -z + 14 = 4*n. Let v = 10 - 7. Calculate the remainder when ((-27)/(-2))/(v/4) is divided by z.
8
Let b(h) = 5*h - 40. Let t be b(7). Let m(u) = 3*u**2 - 3*u - 18. What is the remainder when m(t) is divided by 15?
12
Let q = -13854 + 22587. What is the remainder when q is divided by 208?
205
Suppose -3*i + 9932 = -i + 2*k, -3*k = -9*i + 44598. What is the remainder when i is divided by 20?
18
Suppose -38*n - 4260 = -53*n. What is the remainder when n is divided by 96?
92
Let t = -25 - 23. Let u = 47 + t. What is the remainder when 95 is divided by (18*u)/(-4 + 65/20)?
23
Let p = 28373 + -27775. What is the remainder when p is divided by 55?
48
Calculate the remainder when 16585 is divided by (((-3)/15)/((-10)/275))/((-17)/(-136)).
41
Let q(p) = -5*p - 9. Let c be q(-6). What is the remainder when (1 + 33)/(14/c) is divided by 21?
9
Let g(q) = q**2 + 3*q + 4. Let p(s) = 13*s + 58. Let b(z) = 40*z + 173. Let a(f) = 2*b(f) - 7*p(f). Calculate the remainder when a(-13) is divided by g(3).
17
Suppose -10*v + 28 = -14*v. Let c = -47 - v. Let y = -23 - c. Calculate the remainder when 45 is divided by y.
11
Let r(t) = 17*t**2 - 2*t - 1. Let p(n) = -1205*n + 7250. Calculate the remainder when r(-2) is divided by p(6).
11
Suppose -34 + 90 = 2*v. Suppose 4*z + 4*j - v = 0, -j = 2*z + 2*z - 40. Suppose -185 = -4*c + 31. Calculate the remainder when c is divided by z.
10
Suppose 20*u - 59 + 19 = 0. Suppose u*w + c + 50 - 217 = 0, 2*w = -4*c + 182. Suppose 0 = 4*t - 0 - 48. What is the remainder when w is divided by t?
9
Calculate the remainder when 35/(-49)*-14*264/20 is divided by 102.
30
Suppose -138*i + 2096 = -13*i + 6*i. What is the remainder when 171 is divided by i?
11
Suppose 39*p - 18*p = 105. Suppose 0 = d + 3*y + 2*y - 62, -p*y = 0. Calculate the remainder when 244 is divided by d.
58
Let h(x) = 134*x + 1970. Calculate the remainder when 657 is divided by h(-14).
93
Let p = 13609 + -13516. What is the remainder when 376 is divided by p?
4
Calculate the remainder when ((52/8)/13)/(4*(-2)/(-9808)) is divided by 61.
3
Calculate the remainder when ((-248)/(-32))/(14/3528) is divided by 150.
3
Let y(j) = 9*j - 98. Let w(i) = -37*i + 392. Let a(h) = 2*w(h) + 9*y(h). Calculate the remainder when 33 is divided by a(17).
12
Suppose 0 = -5*t + 5*h + 75, -90*t - 88 = -94*t + 6*h. Let b(p) = 6*p**2 + p. What is the remainder when b(1) is divided by t?
0
Suppose 0 = -2*y - 4*h + 178, 2*y - 18*h + 20*h - 168 = 0. Suppose -4*o - 2*q = y - 203, 3*o = 2*q + 93. Calculate the remainder when o is divided by 3.
1
Suppose -2*k + 1042 = 17*k - 117. Let d be (80 - (0 + 2))/(-1). Let g = 110 + d. What is the remainder when k is divided by g?
29
Let r(m) = m**2 + 8*m + 24. Let j = 631 + -639. Calculate the remainder when 29 is divided by r(j).
5
Suppose 729*z = 720*z + 1152. Calculate the remainder when z is divided by (-8)/(-5)*1/2*50.
8
Let s(r) = 21*r + 113. What is the remainder when s(-4) is divided by 4?
1
Suppose -1667*x = -1368*x - 10465. Calculate the remainder when 902 is divided by x.
27
Let m = 15 + 5. Let t(s) = 84*s + 951. Calculate the remainder when t(-11) is divided by m.
7
What is the remainder when (17/(-10) + (-4)/(-8))/((-476)/65450) is divided by 21?
18
Let v(p) = p**3 + p + 7. Let i = -36 + 56. Let x = i + -20. Calculate the remainder when 17 is divided by v(x).
3
Suppose 6 = 3*q + 18. Let x be 10/(-15)*-12 + q. Suppose 5*i + 0*j - x*j = 388, 2*j = -4*i + 326. What is the remainder when i is divided by 27?
26
Suppose 14*s = 17*s + 132. Let f = s - -177. Let a = 24 + -15. What is the remainder when f is divided by a?
7
Suppose -2*a = 4*a + 1968. Calculate the remainder when 650/8 + (a/32 - -10) is divided by 21.
18
Suppose -7*z + 153 + 211 = 0. Suppose -a - z = -5*a. Calculate the remainder when 77 is divided by a.
12
Let c = 24 - 22. Suppose -2*h + b + 28 = c*h, 4*h = 4*b + 40. Suppose -h*l = -5*l - 34. What is the remainder when 134 is divided by l?
32
Suppose -49*b + 146 + 99 = 0. Suppose -d + 132 = 4*h - 2*d, 2*h - 48 = b*d. What is the remainder when 335 is divided by h?
29
Suppose 0 = 3*i - l - 53, 2*l + 9 + 33 = 2*i. Suppose 2*k - i = 3*c + 104, -2*c = -3*k + 175. Let y = -1 + 31. Calculate the remainder when k is divided by y.
27
Let k be 3/(-8) - (-69)/184. Suppose 2*a - 2*f - 64 = k, -18*f + 33 = a - 20*f. What is the remainder when 48 is divided by a?
17
Suppose 0 = -10*l - 29*l + 568 + 134. Suppose -m - 1 = -2*j, -m + 3*j - 29 = -5*m. Suppose m*a - 144 = 21. Calculate the remainder when a is divided by l.
15
Suppose 0*f - 4 = f. Let x = 8 - f. Calculate the remainder when x is divided by (-110)/(-8) + 110/440 + 14/(-2).
5
Let t = 23911 + -23263. What is the remainder when t is divided by 310?
28
Let f = 239 + 370. Let d = 632 - f. Calculate the remainder when 158 is divided by d.
20
Let u be 1/(-5) + 33/(-110)*-24. Suppose -6*d + 25 = u. Calculate the remainder when 32 is divided by d.
2
Let k(x) = -37*x - 13. Let c(n) be the first derivative of n**3/3 - 3*n**2 - 14*n - 3. Calculate the remainder when c(11) is divided by k(-1).
17
Suppose -11*n = -1955 + 12482. Calculate the remainder when 63 is divided by n/(-58)*4/6.
8
Let k = 8323 - 5805. Calculate the remainder when k is divided by 21.
19
Suppose c = 2*j - 4*c - 205, c + 419 = 4*j. Let h(r) = -r**2 - 6*r + 99. Let g be h(7). What is the remainder when j is divided by (24/g - -5) + 14?
17
Let a(w) = -33*w - 142. Let j be a(0). Let i = j - -393. Calculate the remainder when i is divided by 14.
13
Let t = 310 + -303. Suppose 2*k + 4*a + 2279 = t*k, 4*a = -3*k + 1393. What is the remainder when k is divided by 93?
87
What is the remainder when (370/(-50) - -8)*590 is divided by 53?
36
Let j(u) = -21*u - 16. Let q(s) = s**2 - 11*s - 8. Let y(r) = -2*j(r) + 5*q(r). What is the remainder when y(9) is divided by 57?
52
Let u(o) = -2*o**3 - 11*o**2 - o + 10. Let r be (0 + 60/(-35))*14/4. Calculate the remainder when u(r) is divided by (16 + -1)*(-12)/(-9).
12
Suppose 48 = 8*y - 8*a + 12*a, 0 = -4*y - a + 20. Suppose x = -n + 3*x + 65, 0 = 2*n - 3*x - 129. Calculate the remainder when n is divided by y.
3
Let w(v) = v**2 + 5*v - 6. Let o be w(-6). Suppose o = s + g - 11, -s + 2*g + 16 = -2*g. Let k = 835 + -812. Calculate the remainder when k is divided by s.
11
Let n = 2976 + -2967. What is the remainder when 1199 is divided by n?
2
Suppose 5*g - 2925 = 2*n, -43 = 3*n - 58. Calculate the remainder when g is divided by 134.
51
Calculate the remainder when 2122 is divided by 15/45*129 + -7.
34
Suppose -4*t + 6 - 2 = 0. Let d be (-4 - 2)/(3 + -5) - t. Suppose -5*c + 198 = 3*w - w, -396 = -4*w - d*c. Calculate the remainder when w is divided by 25.
24
Let q(p) = p**3 - 21*p**2 + 33*p - 26. Let u(r) = -r**2 - r. Let j(s) = q(s) - 4*u(s). Calculate the remainder when j(15) is divided by 9.
7
Let r be -2*3/10 + (-1188)/(-180). Suppose -b + 4*b - 102 = 0. Calculate the remainder when b is divided by ((72/(-3))/4)/((-4)/r).
7
Let r(g) = 55*g + 544. Let o be (0 - 2) + 76/(-4). Let f = 34 + o. What is the remainder when r(-9) is divided by f?
10
Let z = -6562 - -6607. What is the remainder when 221 is divided by z?
41
Let m = 1177 - 1147. Let a = -58 + 102. Calculate the remainder when a is divided by m.
14
Suppose -3*k + 15 = -3*t - 2*t, 37 = -2*t - 5*k. Let w be 6/(-8)*56/t. Suppose 0 = -w*q + 4*q + 78. What is the remainder when q is divided by 5?
1
Suppose -i - 27 = -2*i. Let g(p) = p**3 - 26*p**2 - 28*p + 32. Let a be g(i). Suppose a*z - 2322 = -13*z. Calculate the remainder when z is divided by 6.
3
Let r = -7734 + 7880. What is the remainder when r is divided by 50?
46
Let x(l) = -42*l**3 + 13*l**2 + 29*l + 2. Calculate the rema